t g(m) = -3*m + 3. Let x(p) be the first derivative of -3*p**2/2 + 2*p - 1. Let u(q) = -3*g(q) + 2*x(q). Let d be u(4). Let v(h) = 2*h - 8. What is v(d)?
6
Suppose -2 = -2*h + 4. Let p(t) = -4*t + 7*t**2 + 6*t - h*t + t**3 - 8. Suppose 8*m = 10*m + 14. Calculate p(m).
-1
Let d(x) be the third derivative of x**5/60 + x**4/3 - x**3/2 + 60*x**2. What is d(-9)?
6
Let k(a) = -2*a - 1. Let j(h) = 2*h**2 + 6*h**2 + 3 - 3*h - 7*h**2 + h**3. Let x be j(-3). Calculate k(x).
11
Let r(y) = 9*y**2 - 10*y + 25. Let h(b) = -5*b**2 + 5*b - 14. Let x(a) = -11*h(a) - 6*r(a). Let u = 6 + -11. Give x(u).
4
Let c(d) be the first derivative of d**5/60 - 7*d**4/24 + d**3 - d**2/2 - 1. Let z(s) be the second derivative of c(s). Determine z(4).
-6
Let k(z) = 3*z**2 - 2*z. Let c(n) = -n**3 + 3*n**2 + 2*n. Let p(v) = v**2 + 7*v + 12. Let l be p(-5). Let y be c(l). Suppose -6*t = -y - 4. What is k(t)?
8
Let o(k) = -k**3 + 5*k**2 + 2*k - 8. Let h = 356 - 350. What is o(h)?
-32
Let b be (66/55)/((-4)/(-10)). Suppose -b*g + 3*k + 0 - 3 = 0, -6 = 3*k. Let x(s) = s**3 + 4*s**2 + 3*s. Calculate x(g).
0
Let f(m) = m + 3. Let h(y) = y**2 - 6*y - 2. Let a be h(6). Let s be f(a). Let z(w) = 5*w**2 + w. Calculate z(s).
6
Let a(d) = 26*d**2 + 1. Suppose -2*k = -5*n + 3, n - 5 = -13*k + 9*k. Give a(k).
27
Let t(l) = l**3 - 6*l**2 - 2. Suppose -2*g - 10*g - 48 = 0. Let w be -1 - (-3 - 8 - g). Give t(w).
-2
Let k(b) = b + 2. Let z be k(-4). Let j(n) = -2*n - 4. Let l(f) = -f**2 - f + 1. Let c(i) = -j(i) - 2*l(i). Calculate c(z).
2
Let h(p) = -4*p + 2. Let a(j) = 3*j - 1. Let i(z) = 3*a(z) + 2*h(z). Let g be (-6)/(-27) - 870/27. Let y be (-1)/(-5) - g/(-10). Determine i(y).
-2
Let s be 2 - (2 - (-1 - -3)). Suppose c - 10 = -5*z + 6*c, 0 = s*z - 5*c - 16. Let m be 46/(-12) - z/(-12). Let j(f) = -f + 5. Determine j(m).
9
Let b(n) be the second derivative of -n**4 + n**3/6 - n**2 + 1037*n. What is b(1)?
-13
Let z(p) be the second derivative of -p**4/12 + p**3/2 + p**2/2 - 172*p. What is z(6)?
-17
Let l(k) = -3*k - 1. Let r(x) = -14 + 5 - x + 7. Let g(a) = -l(a) + 4*r(a). Calculate g(-9).
2
Let g = 2272 - 2281. Let l(c) = 3 + 6 - c + 2*c. Determine l(g).
0
Suppose -2*u - 79 + 75 = 0. Let w(h) = -31*h**3 - 9*h**2 - 13*h. Let r(v) = -8*v**3 - 2*v**2 - 3*v. Let k(i) = u*w(i) + 9*r(i). Calculate k(1).
-11
Let o(q) = q - 5. Let b be (8/(-24))/((-2)/36). Let m = -9 + b. Let r be m*3/((-36)/32). What is o(r)?
3
Suppose 2*g - 4*g + 3*d = 9, -3*g - 4*d = -12. Let u(k) = 14 + g*k - 2*k - 18. Determine u(5).
-14
Let i(a) be the second derivative of -7*a**3/6 - a**2 - 154*a - 2. Calculate i(-2).
12
Let j be 13/5 - 3 - (-68)/20. Let i(p) = -p - 4*p**j - p**2 - 3 + 0*p**3 + 5*p**3 - 2. Determine i(0).
-5
Let o(c) be the first derivative of c**3/3 + 3*c**2 + 3*c + 15. Let q be (-1)/(-5) + (-2)/10. Let u = -6 + q. Determine o(u).
3
Let g(s) = -s**2 + 2*s + 1. Let u = 25 - 24. Suppose k + 11 = 3*c, -u = 5*k - 5*c + 4. Calculate g(k).
-7
Let x(v) be the first derivative of -22 - 2*v - 3/2*v**2. Give x(2).
-8
Let w(c) be the third derivative of c**4/12 - c**3 + 2*c**2. Suppose 2*s + 3*y = -2*y + 33, 4*s = -5*y + 41. What is w(s)?
2
Let g(j) = 14*j - 4. Let a(m) = -17*m + 5. Let n(p) = -4*a(p) - 5*g(p). Calculate n(3).
-6
Let w(t) = 2*t + 1. Suppose 4*r - 3 = -7. Let o be (11 - 10)*(-1 + r). Determine w(o).
-3
Suppose 2*l = -6*l + 40. Let t(q) = 1 - q**2 - l*q - 3*q + 1 + 2*q. What is t(-4)?
10
Let q(g) = 7*g + 4*g - 11 + 5*g. Let y(c) = 3*c - 2. Let l(h) = -2*q(h) + 11*y(h). Let u(v) = v**2 + 13*v - 143. Let z be u(-20). Give l(z).
-3
Let a(t) = 0 + 0 + 4 - 8*t. Let v(b) = 7*b - 3. Let z(h) = 2*a(h) + 3*v(h). Let p be 2/(-12) + 5/(-6). Give z(p).
-6
Let c(v) = -v**2 + 2*v - 4. Suppose -5*u = -3*w + 2*w + 8, -5*u = 3*w - 4. Suppose 2*i - 3 = w. Determine c(i).
-7
Let s(w) = -26*w**2 + 1. Let b be s(1). Let q be ((-612)/(-90))/(2/10) - 3. Let x = q + b. Let m(h) = -h**2 + 6*h + 7. What is m(x)?
7
Let t(o) = -11*o**3 + o**2 - 1. Let v(p) = -7*p - 20. Let n be ((-16)/36)/(8/(-36)). Let d(a) = 6*a + 19. Let z(j) = n*v(j) + 3*d(j). Let h be z(-4). Give t(h).
-11
Let h(w) be the third derivative of 0*w**3 + 1/24*w**4 - 1/60*w**5 + 3*w**2 + 0*w - 1/120*w**6 - 3. Determine h(2).
-10
Let k(x) = 6*x - x**3 - 4*x**2 + 61 - 33 - 21. Calculate k(-3).
-20
Let i(d) = -15*d**2 + 2*d - 1. Suppose 2*r - 14 + 13 = 5*c, -3*r + 10 = c. Give i(c).
-14
Let c(j) be the third derivative of -j**6/120 - j**5/15 + j**4/8 + j**3/2 + 2*j**2 - 35*j. What is c(-4)?
-9
Suppose 5*u = 4*v - 2*v, 0 = -2*u - 3*v + 19. Let h(l) = 0*l - l + l - 7*l + l**u + 8. What is h(7)?
8
Let a(l) = l**3 + 54*l**2 + 21 - 41*l**2 - 23. Calculate a(-13).
-2
Suppose 4*p = 6 + 2. Suppose -2*i = -6*i. Let z(a) = i*a**p + 12*a - 3*a**2 - 9*a. Calculate z(2).
-6
Let p(o) = o**3 + 4*o**2 + o. Let r be p(-3). Suppose -h = -10 + r. Let k(u) = u**3 - 3*u**2 - 4*u - 2. Calculate k(h).
-2
Let i(s) = 2*s**3 - 11*s**2 - 5*s - 2. Let k be i(6). Let j(h) = h**3 - 5*h**2 + 5*h + 3. Determine j(k).
7
Suppose 4*f = -3*m + 114 - 9, 4*m + 20 = 0. Let l = 27 - f. Let d(v) = v**2 + 2*v. Calculate d(l).
3
Let g(p) = -4*p - 7. Suppose b - 20 = 3*a, 39 = -5*a + 2*b + 5. Determine g(a).
17
Let d(f) = f**2 + 4*f + 5. Let m(w) = w - 1. Let g be m(-2). Let x be d(g). Let b(t) = -3*t + 0*t - 5*t + 2*t - 1 - x*t**2. What is b(-4)?
-9
Let a(i) = 2*i**3 + i**2 - 2*i + 1. Let t(d) = -2*d**2 - 36*d - 24. Let z be t(-17). Suppose 0*x - z = -5*x. Calculate a(x).
17
Let z(y) = 0*y + 101 - 88 - y. Determine z(10).
3
Let u(k) = 82*k - 83*k + 1 - 2 + 0 + 3. Give u(6).
-4
Let f(l) = -3*l + 4 + 1 - 3*l - l**2. Suppose -2*q = -3*q + 3*j, -q - 10 = 2*j. Determine f(q).
5
Let g(n) = 9*n + 74. Let r be g(-8). Let q(d) = -2*d**2 + 3*d. Calculate q(r).
-2
Suppose 0 - 3 = -3*f. Let a(r) be the second derivative of -1/2*r**2 + 1/12*r**4 - 11*r + 1/20*r**5 + 0*r**3 + 0. Determine a(f).
1
Let u = -11 - -5. Let y(f) = -1. Let h(b) = -2 + 0*b + b + 0*b + 1. Let k(j) = u*y(j) - h(j). Determine k(5).
2
Let h(b) = -12*b - 26. Let l be h(-3). Suppose -5*d = -4*d + 4*s, -9 = -d + 5*s. Suppose -o - l = -d. Let t(x) = -x - 3. Calculate t(o).
3
Let r(w) = -17*w - 233. Let m(i) = -4*i - 57. Let v(s) = -18*m(s) + 4*r(s). Calculate v(-22).
6
Let u(k) = -k - 34. Let n be u(-38). Let h be 9/2 + 1/2. Let r(i) = -i**2 - h + 11 - n. Give r(0).
2
Let c(j) = -j - 3. Let m(w) = w + 3. Let z(n) = 2*c(n) + 3*m(n). Let o be z(-7). Let v(k) = -k**2 - 5*k + 3. Give v(o).
7
Suppose 3*h - 2 + 20 = 0. Let l(n) = 6*n + 9. Calculate l(h).
-27
Suppose 2*r - 3*r - 7 = 0. Let v be ((-3)/7)/(r/49). Suppose -3*s - 2 - 2 = 5*n, -2*n + v*s - 10 = 0. Let h(f) = -f**2 + 2*f + 2. What is h(n)?
-6
Let a(y) = -2*y**2 - y + 1. Let g(t) = t**3 - 3*t**2 - 2*t + 2. Let n(v) = -3*a(v) + g(v). Let o be ((-5 + 2)*1)/1. Determine n(o).
-4
Let f = 4 - 6. Let r(i) be the third derivative of -i**5/24 - i**4/8 - 3*i**3 + i**2. Let t(m) be the first derivative of r(m). What is t(f)?
7
Suppose -221 = 35*i - 18*i. Let n(d) = d + 13. Give n(i).
0
Let m be (6/(-15))/((-1)/(-10)). Let b(p) = 1 - p - 18*p**3 - 16*p**3 - 14*p**3 - 19*p**3 + 66*p**3 - 5*p**2. Calculate b(m).
-11
Let f(n) = -10 - 3 + 6 + n - n**3 + 2. What is f(0)?
-5
Let h(p) = -p**2 + 10*p - 9. Let i be h(8). Let b(w) be the first derivative of -w**2/2 + 17*w - 7. Calculate b(i).
10
Let d(p) = -8*p**2 + 8*p - 2. Let k(g) = 2 - 75*g**2 - 7*g + 82*g**2 - 1. Let j(r) = 6*d(r) + 7*k(r). What is j(5)?
15
Let m(q) = -3*q + 1. Suppose -a - 44 = i, 82 = -2*a + 5*i - 6. Let f be 2/(-8) + 33/a. Calculate m(f).
4
Suppose 0 = 6*q + q + 28. Let h(l) = 10 - 3*l - 2*l**2 - 3*l**2 - l**3 - 13. Give h(q).
-7
Let k(r) = r + 9 - 4 + 1 - 3*r. What is k(0)?
6
Let x(u) = -u**3 - 3*u**2 + 4*u + 2. Let a be x(-4). Let n(c) be the first derivative of -c**2 + a*c + 6*c + 0*c**2 - 4*c + 5. Calculate n(5).
-6
Let q be (7/4 + -1)/((-1)/4). Let b(j) = -j**2 + 2*j + 13. Calculate b(q).
-2
Let g(r) = 10*r + 19*r - 32*r + 4 + 0. Give g(7).
-17
Let v be 6*((-6 + 5)*3)/(-3). Let y(g) be the first derivative of -g**3/3 + 2*g**2 + g - 1. Determine y(v).
-11
Let f(t) = 4*t + 8. Let o(l) = 4*l + 9. Let r(k) = 6*f(k) - 5*o(k). Suppose -n - 4*g + 10 = 0, 3*n + 2 - 10 = -g. Suppose n*b = 6*b + 16. What is r(b)?
-13
Let f be ((-26)/(-3))/(-8 + 833